is the millions digit of 321883313?
1
What is the hundred millions digit of 388453412?
3
What is the tens digit of 274422842?
4
What is the units digit of 313149225?
5
What is the thousands digit of 13376824?
6
What is the millions digit of 13176235?
3
What is the thousands digit of 2966224652?
4
What is the hundred millions digit of 3034902515?
0
What is the hundred thousands digit of 2651904892?
9
What is the hundred millions digit of 921538135?
9
What is the ten thousands digit of 1039291925?
9
What is the hundred millions digit of 129324941?
1
What is the millions digit of 302876585?
2
What is the units digit of 51114736?
6
What is the millions digit of 80994957?
0
What is the hundreds digit of 23755540?
5
What is the hundreds digit of 196293088?
0
What is the hundred thousands digit of 30341968?
3
What is the tens digit of 192360581?
8
What is the hundred thousands digit of 103045699?
0
What is the units digit of 160311918?
8
What is the millions digit of 1473332250?
3
What is the hundred millions digit of 5851025060?
8
What is the units digit of 194183006?
6
What is the tens digit of 854006?
0
What is the thousands digit of 1862075394?
5
What is the hundreds digit of 6099773654?
6
What is the hundred thousands digit of 25912344?
9
What is the units digit of 41153709?
9
What is the millions digit of 125918283?
5
What is the thousands digit of 302361073?
1
What is the hundred millions digit of 148421392?
1
What is the units digit of 210808189?
9
What is the thousands digit of 1919573505?
3
What is the units digit of 449065863?
3
What is the ten thousands digit of 1284225223?
2
What is the ten millions digit of 115878267?
1
What is the millions digit of 1356933641?
6
What is the millions digit of 137086233?
7
What is the hundred thousands digit of 1261626834?
6
What is the ten thousands digit of 4473488195?
8
What is the billions digit of 5155195968?
5
What is the millions digit of 198065653?
8
What is the hundred millions digit of 199172493?
1
What is the tens digit of 75384028?
2
What is the millions digit of 4711885326?
1
What is the millions digit of 54929644?
4
What is the tens digit of 4902379606?
0
What is the hundred thousands digit of 49074589?
0
What is the hundred thousands digit of 1660779399?
7
What is the ten millions digit of 12480995?
1
What is the millions digit of 774484499?
4
What is the ten millions digit of 714527936?
1
What is the hundreds digit of 295061936?
9
What is the tens digit of 5798194633?
3
What is the millions digit of 35430882?
5
What is the units digit of 303107883?
3
What is the units digit of 1410212478?
8
What is the units digit of 22931026?
6
What is the hundred millions digit of 145448925?
1
What is the ten millions digit of 54334835?
5
What is the thousands digit of 2594429998?
9
What is the ten thousands digit of 146670210?
7
What is the tens digit of 364658003?
0
What is the thousands digit of 1114857?
4
What is the ten millions digit of 226352275?
2
What is the ten millions digit of 1646462019?
4
What is the millions digit of 3603135?
3
What is the ten thousands digit of 32962877?
6
What is the units digit of 767920324?
4
What is the hundred thousands digit of 14287980?
2
What is the millions digit of 55507454?
5
What is the thousands digit of 1706696847?
6
What is the billions digit of 1797688300?
1
What is the ten thousands digit of 138647766?
4
What is the hundred thousands digit of 28748370?
7
What is the hundred millions digit of 100778430?
1
What is the hundred millions digit of 4104427178?
1
What is the thousands digit of 51778677?
8
What is the ten millions digit of 1649004302?
4
What is the tens digit of 1253838579?
7
What is the hundred thousands digit of 816270474?
2
What is the tens digit of 620154752?
5
What is the thousands digit of 119559274?
9
What is the millions digit of 371726807?
1
What is the tens digit of 340850952?
5
What is the hundreds digit of 1869575?
5
What is the ten thousands digit of 79718976?
1
What is the thousands digit of 1537934741?
4
What is the millions digit of 93046250?
3
What is the thousands digit of 33789919?
9
What is the ten thousands digit of 210296497?
9
What is the millions digit of 277482748?
7
What is the hundred thousands digit of 447154647?
1
What is the thousands digit of 67888707?
8
What is the tens digit of 2336692870?
7
What is the units digit of 467161689?
9
What is the units digit of 126067390?
0
What is the hundred millions digit of 141483139?
1
What is the ten thousands digit of 487765078?
6
What is the ten millions digit of 424481511?
2
What is the hundreds digit of 116205216?
2
What is the hundreds digit of 502267831?
8
What is the units digit of 761533226?
6
What is the units digit of 15937202?
2
What is the ten thousands digit of 2889451588?
5
What is the ten millions digit of 59588596?
5
What is the hundreds digit of 44107561?
5
What is the millions digit of 14586056?
4
What is the ten thousands digit of 112669937?
6
What is the ten thousands digit of 128536853?
3
What is the hundred thousands digit of 44226275?
2
What is the hundred millions digit of 1739797490?
7
What is the ten millions digit of 802060842?
0
What is the units digit of 2470297195?
5
What is the ten thousands digit of 557036027?
3
What is the ten thousands digit of 5124536358?
3
What is the ten thousands digit of 1389078100?
7
What is the millions digit of 417775434?
7
What is the ten thousands digit of 1543313636?
1
What is the units digit of 7024426271?
1
What is the hundred thousands digit of 1251220705?
2
What is the thousands digit of 87001964?
1
What is the hundred thousands digit of 817835578?
8
What is the hundreds digit of 6853997?
9
What is the billions digit of 1602695638?
1
What is the hundred thousands digit of 44465740?
4
What is the hundred thousands digit of 57029681?
0
What is the units digit of 341275676?
6
What is the tens digit of 176063297?
9
What is the ten thousands digit of 100004269?
0
What is the units digit of 179871603?
3
What is the hundreds digit of 42848106?
1
What is the ten thousands digit of 123856294?
5
What is the ten thousands digit of 903820135?
2
What is the ten millions digit of 4712686457?
1
What is the hundreds digit of 1597105834?
8
What is the millions digit of 15395290?
5
What is the thousands digit of 102791465?
1
What is the thousands digit of 28747317?
7
What is the units digit of 93010993?
3
What is the tens digit of 55421602?
0
What is the hundreds digit of 2851783114?
1
What is the ten thousands digit of 273906786?
0
What is the billions digit of 1314990840?
1
What is the hundred thousands digit of 228693729?
6
What is the hundred thousands digit of 263161766?
1
What is the millions digit of 438883089?
8
What is the tens digit of 382082808?
0
What is the ten millions digit of 23910485?
2
What is the billions digit of 3900978648?
3
What is the hundred thousands digit of 862445909?
4
What is the tens digit of 3922116705?
0
What is the hundred thousands digit of 341236750?
2
What is the ten millions digit of 47958159?
4
What is the hundred thousands digit of 222329494?
3
What is the ten thousands digit of 143212294?
1
What is the units digit of 38201769?
9
What is the units digit of 462339567?
7
What is the units digit of 579572648?
8
What is the millions digit of 60181635?
0
What is the ten thousands digit of 636255505?
5
What is the thousands digit of 18990325?
0
What is the ten thousands digit of 1076570410?
7
What is the tens digit of 141680315?
1
What is the millions digit of 4394918341?
4
What is the hundred thousands digit of 157458151?
4
What is the millions digit of 6021592?
6
What is the hundreds digit of 358343319?
3
What is the tens digit of 731511958?
5
What is the billions digit of 2173607398?
2
What is the hundred millions digit of 112515197?
1
What is the billions digit of 5250856835?
5
What is the hundreds digit of 894651023?
0
What is the millions digit of 161524079?
1
What is the hundred millions digit of 151809632?
1
What is the millions digit of 516894995?
6
What is the millions digit of 438571530?
8
What is the thousands digit of 229273886?
3
What is the units digit of 3413077863?
3
What is the hundred thousands digit of 6464868872?
8
What is the hundreds digit of 590547075?
0
What is the uni